. Give v(2).
41
Let i(w) = w**2 - 34*w + 281. Determine i(14).
1
Let s(b) = b**2 + b + 7. What is s(-9)?
79
Let o(y) = 12*y - 166. What is o(16)?
26
Let v(m) = m**3 - 13*m**2 + m - 11. What is v(13)?
2
Let i(d) = -d**2 + 12*d + 325. Calculate i(25).
0
Let s(d) = -d - 10. Give s(-11).
1
Let u(s) = 47*s**2 - s + 1. Determine u(1).
47
Let p(n) = -n**3 + 7*n**2 - 9*n + 2. Calculate p(6).
-16
Let a(k) = -2*k**3 - 17*k**2 - 12*k - 31. Calculate a(-8).
1
Let h(s) = -s**2 + 24*s - 22. Determine h(22).
22
Let f(x) = 10*x + 25. What is f(-6)?
-35
Let f(c) = c - 35. Determine f(22).
-13
Let d(a) = -7*a - 2. Give d(8).
-58
Let x(d) = d**3 + 11*d**2 + 19*d - 4. Determine x(-8).
36
Let a(k) = -k**3 + 15*k**2 - 13*k - 10. Determine a(14).
4
Let a(y) = -y**2 + y + 56. Determine a(8).
0
Let y(p) = -p**3 - 11*p**2 - p - 9. What is y(-11)?
2
Let b(u) = -17*u + 187. Determine b(11).
0
Let f(h) = h + 3. Calculate f(-25).
-22
Let g(z) = z**2 + z - 10. Give g(0).
-10
Let p(w) = -50*w**2 + 2*w - 2. What is p(1)?
-50
Let r(s) = -s - 15. Calculate r(-11).
-4
Let f(b) = 2*b**2 - 19*b + 38. What is f(7)?
3
Let t(g) = -g**2 - 4*g - 2. Give t(-3).
1
Let w(s) = -s**3 + 11*s**2 - 7*s - 12. Determine w(10).
18
Let l(o) = -2*o**2 + 61*o - 7. Determine l(30).
23
Let w(h) = h**3 - 2*h**2 - 8*h + 2. What is w(4)?
2
Let l(v) = v**2 - 9*v + 12. Calculate l(5).
-8
Let l(u) = -u**2 + 35*u - 188. Calculate l(6).
-14
Let u(n) = -18*n + 26. What is u(14)?
-226
Let t(z) = -6*z - 38. Determine t(0).
-38
Let v(k) = 28*k - 46. Give v(3).
38
Let p(d) = d**3 + 3*d**2 - 5*d + 3. What is p(-4)?
7
Let c(x) = 3*x + 10. What is c(-9)?
-17
Let n(s) = 3*s**3 + 4*s**2 + 8*s + 7. Determine n(-1).
0
Let p(a) = -16*a + 2. What is p(-2)?
34
Let m(i) = i**3 + i**2 - 12. Calculate m(5).
138
Let v(t) = 4*t + 175. Give v(-44).
-1
Let u(d) = d - 1. What is u(-6)?
-7
Let g(m) = -m**2 - 10*m - 15. Determine g(-8).
1
Let s(l) = -7*l**2 - 4*l + 3. Calculate s(-2).
-17
Let h(a) = -a**3 - 6*a**2 + 3*a - 21. Determine h(-7).
7
Let j(p) = p**3 - 16*p**2 - 15*p - 24. Give j(17).
10
Let x(k) = k**2 - 7*k - 2. Determine x(5).
-12
Let o(p) = 7*p - 3. What is o(5)?
32
Let v(l) = 2*l**2 - 18*l + 2. Determine v(9).
2
Let f(t) = -t**3 - 6*t**2 - 5*t - 10. Give f(-4).
-22
Let s(z) = -z**2 - 10*z - 3. Determine s(-11).
-14
Let g(q) = -2*q + 22. Give g(9).
4
Let r(c) = c**2 + 4*c - 10. Determine r(-8).
22
Let v(m) = m**2 + 12*m + 7. What is v(7)?
140
Let y(l) = l**3 - 37*l**2 + 38*l - 94. Give y(36).
-22
Let h(n) = -27*n + 191. Give h(7).
2
Let y(k) = -7*k**2 - k + 2. What is y(1)?
-6
Let a(f) = f**3 - 6*f**2 + 3*f + 4. What is a(3)?
-14
Let o(g) = -g + 23. Calculate o(0).
23
Let k(t) = -t**3 + 10*t**2 - 15*t - 8. Calculate k(8).
0
Let n(t) = -2*t + 2. Determine n(-5).
12
Let d(y) = -y - 16. Determine d(-18).
2
Let x(w) = 86*w - 512. Calculate x(6).
4
Let q(j) = -j - 45. What is q(0)?
-45
Let j(s) = 4*s**2 - s - 4. Determine j(4).
56
Let s(g) = 2*g**2 + 5*g - 13. What is s(4)?
39
Let h(i) = 5*i**2 + i + 1. Calculate h(-1).
5
Let y(v) = v**2 + 10*v + 2. What is y(-10)?
2
Let j(v) = 2*v + 31. Determine j(-8).
15
Let r(t) = -t**2 - 4*t + 19. What is r(-8)?
-13
Let p(c) = -3*c + 5. Determine p(8).
-19
Let y(a) = a**3 - 4*a**2 + 3*a + 5. What is y(3)?
5
Let i(a) = -a**2 + 134*a - 769. Give i(6).
-1
Let k(x) = 2*x - 8. What is k(8)?
8
Let k(d) = -d**3 + 12*d**2 + 2*d + 5. Calculate k(12).
29
Let i(j) = j + 4. Give i(-8).
-4
Let d(c) = 8*c + 30. What is d(-10)?
-50
Let n(v) = -2*v**3 + 4*v**2 + v - 3. Calculate n(4).
-63
Let h(o) = o**3 - o**2 - 3*o + 4. Calculate h(3).
13
Let u(t) = 4*t**2 + 145*t + 40. Calculate u(-36).
4
Let y(h) = h**2 - 12*h + 17. Calculate y(10).
-3
Let n(t) = -t**2 + 12*t - 9. Give n(13).
-22
Let z(f) = f**3 - 8*f**2 - 9*f + 3. Determine z(9).
3
Let a(g) = -g**3 + g**2 + 2. Give a(-2).
14
Let y(s) = -s**3 - 5*s**2 + 3*s. Calculate y(-6).
18
Let c(w) = -w**3 + 8*w**2 + 21*w - 13. What is c(10)?
-3
Let q(o) = -o**3 - 22*o**2 + 24*o + 29. Calculate q(-23).
6
Let l(q) = -4*q**3 + 17*q**2 - 4*q - 4. Calculate l(4).
-4
Let h(y) = -7*y**2 + 6*y + 7. Determine h(-3).
-74
Let g(h) = h**2 + 5*h + 14. Give g(-4).
10
Let j(u) = -24*u**3 - u**2 + u + 2. What is j(-1)?
24
Let h(w) = w**2 - 14*w - 7. Calculate h(10).
-47
Let w(n) = -2*n**2 + 16*n - 19. Give w(7).
-5
Let l(r) = r**2 - 13*r + 14. Calculate l(15).
44
Let r(g) = -g**3 + g**2 - 4. Give r(-2).
8
Let i(m) = m**2 + 9*m - 2. Calculate i(-7).
-16
Let x(z) = -5*z**2 + 6*z - 9. Calculate x(4).
-65
Let y(a) = -a**3 - 2*a**2 + 8*a + 2. Determine y(-5).
37
Let r(j) = j**3 + 9*j**2 + 22*j - 11. Determine r(-4).
-19
Let n(s) = -s**2 - 2*s. Give n(0).
0
Let g(z) = -26*z + 5. Determine g(1).
-21
Let b(c) = 2*c - 14. What is b(11)?
8
Let z(i) = i**2 + 2*i - 15. Calculate z(-5).
0
Let a(z) = -27*z - 95. Determine a(-3).
-14
Let x(n) = n**3 + 7*n**2 - 7*n + 7. Give x(-8).
-1
Let m(c) = 4*c**2 - 53*c + 91. What is m(12)?
31
Let y(n) = 4*n - 22. Calculate y(5).
-2
Let o(h) = 22*h - 11. Calculate o(2).
33
Let t(o) = o**2 + 9*o + 5. Give t(-10).
15
Let z(i) = i**3 + 23*i**2 + 24*i + 48. Calculate z(-22).
4
Let x(v) = v**3 - 20*v**2 + 20*v + 4. Calculate x(19).
23
Let l(o) = 13*o + 47. Calculate l(-1).
34
Let v(l) = -11*l - 50. Determine v(-5).
5
Let j(t) = 5*t**2 - 3*t + 2. Calculate j(1).
4
Let w(v) = -v**2 - 2*v - 3. Calculate w(0).
-3
Let s(j) = -8*j + 1. Give s(-1).
9
Let k(p) = -2*p - 62. Determine k(0).
-62
Let b(l) = 12*l - 11. Calculate b(6).
61
Let f(h) = -h**2 + 4*h - 26. Determine f(0).
-26
Let m(r) = -r**3 - 9*r**2 - 9*r + 17. What is m(-9)?
98
Let g(r) = -r**3 + 12*r**2 + 19. Determine g(0).
19
Let y(k) = -18*k**2 + 2*k. Calculate y(1).
-16
Let z(y) = 21*y**3 + y. Give z(1).
22
Let j(h) = -h**3 + 5*h**2 - 9. Give j(4).
7
Let k(u) = -4*u - 45. Give k(-14).
11
Let i(b) = -b**3 - b**2 + 17*b + 6. Calculate i(-5).
21
Let n(v) = -4*v - 28. Give n(-11).
16
Let d(b) = -4*b - 62. Give d(-8).
-30
Let o(m) = m**2 - 2*m - 2. Give o(6).
22
Let a(w) = -2*w**3 + 2. Determine a(-2).
18
Let f(z) = z**2 - 3*z - 7. What is f(6)?
11
Let s(o) = -2*o**2 - 3*o. Give s(-2).
-2
Let o(p) = -15*p - 58. What is o(-4)?
2
Let i(w) = w**2 + 24*w - 1454. Determine i(28).
2
Let i(t) = -t**3 + 12*t**2 - 14*t + 38. Give i(11).
5
Let p(y) = -y**2 - 8*y. Give p(-9).
-9
Let d(l) = 2*l + 3. Calculate d(-22).
-41
Let p(z) = 4*z**2 - 2*z - 2. Calculate p(4).
54
Let j(n) = -2*n**2 + 7*n - 11. Determine j(3).
-8
Let v(k) = -2*k**2 - 9*k + 34. Determine v(-7).
-1
Let i(u) = -u**3 + u**2 + 18. What is i(0)?
18
Let y(w) = -w**2 + 8*w - 4. Calculate y(9).
-13
Let d(a) = a**2 + 22*a - 201. Determine d(7).
2
Let i(l) = l**3 + 15*l**2 - l - 17. Determine i(-15).
-2
Let d(a) = -a**2 + a + 14. Give d(-5).
-16
Let j(w) = 15*w**2 - 2*w. What is j(1)?
13
Let t(u) = u**2 - 7*u - 5. Give t(5).
-15
Let p(g) = 2*g**3 + 9*g**2 - 10*g + 3. Determine p(-5).
28
Let p(y) = 4*y - 31. Calculate p(7).
-3
Let d(p) = 2*p + 5. Give d(0).
5
Let w(u) = 4*u**3 + 2*u**2 - 1. Calculate w(-1).
-3
Let c(w) = -w - 12. What is c(-15)?
3
Let y(g) = 31*g - 15. Calculate y(4).
109
Let n(v) = -2*v + 5. Calculate n(-1).
7
Let m(i) = -2*i**2 - 8*i + 1. What is m(-6)?
-23
Let s(o) = -2*o**2 - 5*o - 4. Give s(-4).
-16
Let d(i) = -i**3 + 9*i**2 - 2*i + 1. What is d(7)?
85
Let f(t) = -t**3 - 6*t**2 + 20*t + 3. Give f(-8).
-29
Let b(n) = n**3 + 16*n**2 - 20*n + 1. Calculate b(-17).
52
Let t(g) = 5*g**3 + g**2 + 2*g - 2. Determine t(1).
6
Let r(k) = -k**3 + 22*k + 21. Give r(-4).
-3
Let t(q) = -15*q + 1. What is t(-5)?
76
Let z(u) = -u**2 - 7*u. What is z(-6)?
6
Let g(i) = -i**3 + 19*i**2 + 17*i + 22. Calculate g(20).
-38
Let l(b) = b - 26. Calculate l(0).
-26
Let y(w) = -w**3 - 4*w**2 + 4*w + 6. Give y(-4).
-10
Let n(l) = -3*l**2 - 3*l - 2. Give n(-3).
-20
Let r(v) = -v - 24. Give r(18).
-42
Let o(j) = j**3 - 12*j**2 + 17*j + 41. Calculate o(10).
11
Let j(w) = 11*w**2 + 10*w - 7. Give j(1).
14
Let h(q) = -q**3 + q**2 + 2*q - 1. Give h(-2).
7
Let s(z) = -3*z**2 + 252*z - 251. Calculate s(83).
-2
Let q(j) = j**2 - 21*j - 129. Give q(-5).
1
Let p(s) = 9*s**2 - 142*s - 37. Give p(16).
-5
Let n(t) = -t**2 + 3*t + 7. Determine n(-5).
-33
Let g(b) = -19*b**2 + 6. Calculate g(-2).
-70
Let k(t) = 2*t + 2. What is k(1)?
4
Let d(l) = l + 9. What is d(-9)?
0
Let c(s